m(g) = g**3 - 2*g + 3. Let n be m(l). Is 3/(-2) - 1665/n a prime number?
False
Suppose 3*r = 4*z + 22221, -2*r + 14812 = 3*z - 5*z. Is r prime?
False
Let k(s) = 661*s**2 - 39*s - 3. Is k(-14) prime?
True
Let y(d) = -28*d**2 + 5*d - 3. Let r be y(5). Is (r/(-12))/((-1)/(-2)) a prime number?
True
Let p(k) = -2*k**3 + 17*k**2 - 21*k - 128. Is p(-14) composite?
True
Let s be 0 - (-91 - 0 - 1). Suppose -s = 4*u - 24. Let x = u - -280. Is x composite?
False
Suppose -4*a + 90063 = 5*a. Is a composite?
False
Let a = 11611 + -1138. Is a a prime number?
False
Let u(d) = -d**3 + 4*d**2 + d - 1. Let w be u(4). Suppose 2*x - 355 - 346 = -w*j, -3*x = -3. Is j prime?
True
Suppose 0 = 4*k - 3*k + 276. Suppose 3*f - 3*d - 1200 = 0, 5*d = -f - 4*f + 2030. Let v = f + k. Is v a prime number?
True
Let y(o) = -o**2 - 12*o. Suppose 2*l + 21 = 11. Is y(l) composite?
True
Let a(y) = 3*y + 24. Let x be a(-8). Is -2 + (-2960)/(-2) + (x - 0) a prime number?
False
Let o be (140/(-6))/(1/(-6)). Let y = 322 - 385. Let l = o + y. Is l prime?
False
Let s(o) = -80*o - 31. Is s(-3) a composite number?
True
Let r(s) = -2*s - 12. Let a be r(-8). Let f be 1/(-6)*-3*a. Is ((-12)/(-18))/(f/9) prime?
True
Suppose -2860 = 4*y + y. Let i = y + 920. Let k = i + -170. Is k composite?
True
Suppose 3*m - 25844 - 12499 = 0. Is m composite?
False
Let m(g) = 4*g**3. Let f be m(1). Suppose 0 = 3*l - f*o - o + 40, -3*l - 4*o - 22 = 0. Is 3/5 + (-1484)/l a composite number?
False
Let t(h) = -2*h**3 + 2*h**2 - 4*h + 11. Let u = -89 - -84. Is t(u) a prime number?
True
Suppose -u + 1 = 0, -6428 = -6*x + 5*x + 5*u. Is x composite?
True
Suppose -5*f + 5*o + 66810 = 0, -4*o - o - 40076 = -3*f. Is f composite?
False
Let r = -1545 - -3302. Is r a prime number?
False
Let i(n) = 1215*n**2 - 2*n - 11. Is i(-5) a prime number?
False
Let w be (-44)/(-33)*873/2. Suppose 0 = 2*s, -4*j - 166 + w = s. Let k = j + 59. Is k prime?
True
Suppose 86069 + 36561 = 10*i. Is i a composite number?
False
Let l be (0 - 3/(-6)) + (-6)/(-4). Suppose 1360 = 4*c + 4*s, -3*c + 1038 = -5*s + 2*s. Is c - 3 - 6/l prime?
True
Suppose 4*j - 19949 = -5*y, y - 4*j = -4*y + 19941. Is y a prime number?
True
Let w be 6/(((-15)/(-6) + -2)*-1). Is (-3715)/(-20)*w/(-3) prime?
True
Let t = -97 - -483. Let l = t - -3. Is l a prime number?
True
Let y be (2 - 2) + 61 + -4. Let o = 157 + y. Suppose 5*r + g = 557, 2*g + o = 2*r - 2*g. Is r prime?
False
Suppose 3*s - 358 = 92. Let z = s - 97. Suppose -5*f = -3*r - 78, -9 = 3*f + r - z. Is f composite?
True
Let s(c) = 15*c**2 - 2*c + 8. Let h be s(-6). Suppose 2*o = -j - o + h, -2261 = -4*j - 5*o. Suppose 5*b = z + j + 155, -z + 726 = 5*b. Is b a prime number?
False
Let f(j) = -11*j**2 + 3*j - 2. Let h(a) = 12*a**2 - 2*a + 2. Let w(o) = 2*f(o) + 3*h(o). Let z be w(-2). Suppose -v + 91 + z = 0. Is v a prime number?
True
Let k(h) = -3*h + 2. Let d be k(4). Let l(o) = o + 12. Let c be l(d). Is c/(1 - 117/119) a prime number?
False
Let w be 8/(-6)*6/(-4). Let b be w + 1 + -3 + 0. Suppose -7*c + 3*c + 580 = b. Is c a composite number?
True
Suppose 2*y - a + 2*a - 2274 = 0, 5*y - 5683 = -2*a. Suppose 2*x - 754 = 2*u, -6*x = -3*x - u - y. Is x a composite number?
False
Suppose 2*l = 2 - 6. Let h = 2 - l. Suppose 5*y + 673 - 2028 = -3*i, -528 = -2*y - h*i. Is y composite?
True
Suppose 0 = 2*v - 1219 - 3723. Is v a prime number?
False
Suppose -3*m + 308610 = 4*s, -29*s + 28*s + 3*m = -77145. Is s a prime number?
False
Suppose -1 = -2*q - 5*m, 4*q - 28 = -2*m + 14. Let c(v) = -9*v + 3*v**2 - q*v + 7 + 7*v. Is c(12) composite?
True
Suppose b = -4*r - r, -r = 2*b. Let u be (0/2)/1 + b. Suppose u*p - 2*p + 96 = d, -d = -3*p + 134. Is p prime?
False
Let s = 660 + -397. Is s composite?
False
Suppose 5*n - 23 = -8. Let d be n/(-1)*3/9. Is 34 - (-3)/d*1 prime?
True
Suppose 6*c - c - 40 = 0. Suppose -c*o = 9*o - 3179. Is o a composite number?
True
Let p be (-3 + 0)*8/6. Let x(a) = -14*a - 118. Let v(i) = 5*i + 39. Let g(b) = p*x(b) - 11*v(b). Is g(0) a prime number?
True
Let q(a) = -151*a**3 - 2*a**2 - 3*a - 1. Let j be q(-1). Let n = 228 - j. Is n a prime number?
False
Suppose 0 = 3*d + 2*j + 140 + 260, -4*d + j = 526. Let l(f) = 110*f + 1. Let t be l(-2). Let y = d - t. Is y composite?
True
Let u = -11 - -2. Let c(l) = -12*l - 17. Is c(u) a composite number?
True
Suppose -p + 11582 = -3*r, 0*r - 23164 = -2*p + 5*r. Is p a composite number?
True
Suppose -6*x + 2198 - 6074 = 0. Let t = -375 - x. Let y = t - -3. Is y prime?
False
Let x be -3 + ((-6368)/4)/4. Let p = x - -652. Is p a prime number?
True
Let b be (-4444)/(-20) + (-8)/(-10). Suppose 3*w - 4456 = a + b, -2*a + 7791 = 5*w. Is w composite?
False
Let x(l) = 2770*l - 1. Is x(15) prime?
True
Let u(y) = -3*y + 2. Let c be u(3). Let r be (c + 599)*(-1)/(-2). Let l = r + -207. Is l prime?
True
Let i(k) = 29*k**3 + 2*k**2 + 13. Is i(4) composite?
False
Let s(h) = -51*h**3 + h**2 - 1. Suppose -11 = -4*a + 21. Suppose -n + a = 3*o, -2*o = -5*n + 3*o - 20. Is s(n) composite?
True
Suppose 3*p - 2311 = 2660. Is p a prime number?
True
Let u(a) = 3*a**2 + 17*a + 8. Let b(r) = r - 10. Let q be b(-4). Is u(q) prime?
False
Suppose 5*u + 205199 = 3*k, 5*u = -2*k + 6*u + 136790. Is k a composite number?
True
Suppose 0 = -r - z + 13466, 5*r - 6347 = 3*z + 61023. Is r a prime number?
False
Let j(h) = h**3 + h**2 + h + 417. Let y(r) = r**2 - 4*r. Let i be y(0). Is j(i) prime?
False
Suppose 2*a - 2*q - 2390 = 0, -5973 = -5*a + q + 2*q. Let g = -629 + a. Is g composite?
True
Suppose 16*j - 26*j = -9730. Is j prime?
False
Let m(d) = -31*d + 13. Suppose -4*s = 2*s + 132. Is m(s) prime?
False
Let n be (5/(-10))/(2/(-3204)). Let q = n - 494. Is q composite?
False
Let q(z) = -17*z**3 - 2*z**2 - z. Let j be q(-1). Suppose 6 = -2*p - 0*n - n, -4*n + j = 0. Is p/20 - (-765)/4 prime?
True
Is 4121 - ((2 - 16) + 8) prime?
True
Let f(l) = 43622*l - 59. Is f(3) a prime number?
True
Suppose 5*r + 22903 = 2*g, 2*g = 3*r + 19428 + 3481. Is g a prime number?
False
Let w(q) = -4*q - 5*q + 0*q**2 - 4 + 2*q**2. Let x be w(9). Let z = x + 0. Is z composite?
True
Let v(q) = -q**3 - 10*q**2 + 11*q + 4. Let h be v(-11). Suppose -h*c + 6*c = 0. Let j(i) = i**3 + 2*i**2 - i + 89. Is j(c) prime?
True
Let x = 1263 + -545. Suppose 4*a + x = 6*a. Is a a composite number?
False
Let d be -1*(-8 + 4 + -1). Suppose 3*v = -d*v + 88. Is v composite?
False
Let f = -15793 - -30794. Is f a composite number?
True
Let r(o) = 166*o**2 - o + 5. Let n be 2/(-14) - (123/21 - 4). Is r(n) a prime number?
False
Let l be ((-81)/(-3) + -3)*-5. Let j = 279 + l. Is j a composite number?
True
Is 3616 - ((-61)/(-21) - 4/(-42)) a prime number?
True
Let k(a) = -6*a. Let j be k(-1). Let f be ((-9)/5)/(j/(-20)). Let m(g) = 27*g - 13. Is m(f) a composite number?
False
Suppose -4*o + 5*j = 13, -8*o - 4*j + 32 = -4*o. Suppose -4 = q - o*q. Suppose -2*u - 2*t + 46 = -42, 108 = 2*u - q*t. Is u composite?
True
Suppose -78*f + 2149287 = -57*f. Is f composite?
True
Let r = -495 - -1482. Let g = 914 + r. Is g composite?
False
Suppose 0 = -6*o + o - 20, 2*k - 12 = 2*o. Suppose 3*p = k*l - 4*l + 923, -p - 4*l + 311 = 0. Is p a composite number?
False
Let o(g) = 1303*g - 13. Is o(5) a composite number?
True
Let n = -46 - -48. Is (75/(-45))/(n/(-474)) composite?
True
Let l(y) = y**3 - 3*y**2 - 5*y + 14. Let c be l(6). Suppose -840 = -4*u - c. Is u a composite number?
True
Let l = 21 + -23. Is (2/((-8)/(-6)) - l)*382 prime?
False
Suppose -33*o + 1543737 = 6*o. Is o a prime number?
False
Let u(c) = -c - 11. Let n be u(-18). Is (1 - 297 - -3)/((-1)/n) composite?
True
Let j(r) = -111*r**3 - 3*r - 1. Let k be j(-2). Let n = 80 + k. Is n a prime number?
False
Is ((-28)/6)/(8/(-107148)) composite?
True
Suppose -3*c = 15, -4*f + 2*c = -13323 - 17307. Is f a prime number?
False
Let w = 188 + -144. Let j = -79 - -46. Is 8/w - 3921/j a composite number?
True
Let z = 30730 - 21068. Is z a prime number?
False
Suppose i - 2 = -4*y + 3, -5*i + 25 = 4*y. Suppose -3*u - 14 = 43. Is -20 - u - (-746 - y) composite?
True
Let c = 991 - -572. Is c composite?
True
Let g be (3 + 14/(-10))*5. Let i be 5329 + (2 - g - -4). Suppose -5*z = 2092 - i. Is z a composite number?
False
Let l be (2 + -1)*0/(-2). Let r = l - 2. Is (-6)/(-9)*(-267)/r a prime number?
True
Is 2790/(-